 - 14. Let m be v(18). Let y be 21 + (-1 + m - 2). List the prime factors of (y - 1)*1 - -1.
2, 11
Let u(a) = 3*a**2 + 35*a + 104. List the prime factors of u(-21).
2, 173
Suppose -4*u + 3*d + 136 = -1021, 5*d - 875 = -3*u. What are the prime factors of u?
2, 5, 29
Suppose j = -28 + 277. Suppose -a + 86 - 23 = 5*n, 3*a - j = -3*n. What are the prime factors of a?
2, 11
What are the prime factors of 3/(-2) + 51390/12?
3, 1427
Let t = 34 - 29. Suppose i + 0*i = 3*c - 370, t*i = 2*c - 238. What are the prime factors of c?
2, 31
Suppose -m = 2 + 2, 5*j + 4*m - 9524 = 0. What are the prime factors of j?
2, 3, 53
Let m be 6/2*(-13)/(-3). Let q = m - 19. Let b = 27 + q. List the prime factors of b.
3, 7
Suppose -2*t - 385 = -u, -3*u - 2*t + 0*t + 1195 = 0. What are the prime factors of u?
5, 79
Let y = -1407 + 2052. What are the prime factors of y?
3, 5, 43
Suppose -4*l = 5*q + 17, -4*l + 16 - 3 = -q. Suppose -3*k + 4*m = -260, -m = l*k + 2*m - 179. List the prime factors of k.
2, 11
Suppose 2*d = -3*d + 2*k + 5860, 3516 = 3*d - 3*k. What are the prime factors of d?
2, 293
Let h = -3 + 40. Let q(p) = p**3 - 2*p**2 - p - 9. Let m be q(5). Let f = m - h. List the prime factors of f.
2, 3
Let x be ((-2)/(-3))/(50/75). List the prime factors of (620/6)/(x/12*8).
5, 31
Let b be (-2 - -1 - -2)*2. Suppose -52 = -b*f - 2*f. What are the prime factors of f?
13
Suppose -4*f = -5*f + a + 913, 0 = -f - 4*a + 938. What are the prime factors of f?
2, 3, 17
Suppose 2632 = 3*i + 5*q, 3*i + 3*q - 880 = 2*i. What are the prime factors of i?
2, 19, 23
Let q(t) = -19*t + 2. Let f be 2/(-6)*(-1 - -4). Let k be q(f). Suppose k = 5*z - 34. List the prime factors of z.
11
Let b(l) = -l**3 + 8*l**2 + 10*l - 7. Let s be b(9). Suppose 5 + 9 = s*j. What are the prime factors of j?
7
Let f be 0/(-2*4/(-8)). Suppose f*b = 4*q + 4*b - 36, q + 6 = 4*b. Let c(l) = -l**2 + 7*l - 3. List the prime factors of c(q).
3
Let p(q) = 34*q**2 - 25. What are the prime factors of p(5)?
3, 5, 11
Let d = -30 + 43. Let y = 17 - d. Let h(v) = 13*v - 11. List the prime factors of h(y).
41
List the prime factors of -1 + (-4583 + -7)/(-6).
2, 191
Let s = -8 - -25. Suppose 83 = 4*k - s. What are the prime factors of k?
5
Let i(t) = t**2 - 5*t + 4. Let o be i(5). Suppose j - 5*j + 234 = -2*q, 5*j - 312 = -o*q. List the prime factors of j.
2, 3, 5
Let u(w) = 2 - 21 - 5 - 14*w. List the prime factors of u(-7).
2, 37
Suppose -4*f - 2*w + 4848 = 0, -f + 0*w + 1212 = -3*w. List the prime factors of f.
2, 3, 101
Suppose 0*j - 5*m = j - 1148, 2*j = -m + 2260. Suppose 9*l = 519 + j. What are the prime factors of l?
3, 61
Let h(w) = -300*w + 244. What are the prime factors of h(-4)?
2, 19
Let i(j) be the third derivative of j**5/60 + 7*j**4/12 + 5*j**3/6 + 5*j**2. Let h be i(-11). List the prime factors of (h/(-4) - 3) + 65.
3, 23
Suppose 3*y + 100 = 23*y. Let c(r) = -3*r**3 - 9*r**2 - 4*r + 8. Let p(s) = s**3 + s**2 + s - 1. Let i(h) = c(h) + 4*p(h). List the prime factors of i(y).
2
What are the prime factors of (-296582)/(-182) + 6/14?
2, 5, 163
Let q(j) = -2*j**2 - 4*j - 6. Let g be q(-3). Let u(z) = 3*z**2 + 10*z. List the prime factors of u(g).
2, 3, 13
Let r be (1/(-2))/(((-5)/(-2))/(-5)). What are the prime factors of 2109/9 + r/(-3)?
2, 3, 13
Suppose 2*t - 7188 = -4*d, 4*t + 0*t = 5*d + 14350. List the prime factors of t.
2, 5, 359
Suppose 5*p - 2676 = -3*o, -o + 5*o - 1610 = -3*p. What are the prime factors of p?
2, 3, 89
Suppose 3*m - 618 = 2*s, s - 3 = -0. List the prime factors of m.
2, 13
Let f(w) = -7*w**2 - 7*w + 2. Let i be f(-4). Let l = 153 + i. List the prime factors of l.
71
Suppose -3*d + 3*m + 124 = -32, 0 = -5*m. Let k = 82 - d. Let s = 57 - k. List the prime factors of s.
3
Let f(t) = -t + 1. Let r be f(-4). Suppose 0 = -r*z + 65 + 205. Suppose -g + z = g. What are the prime factors of g?
3
Let t be (-1426)/(-18) - (-10)/(-45). Suppose -w + 17 = 3*y, -w - 3 + 0 = -y. Suppose -5*n + 3*n + w*k = -32, 0 = 4*n + k - t. What are the prime factors of n?
19
Let u be 5 + 1/(-3)*-6. Suppose d = -29 + u. Let i = d - -27. What are the prime factors of i?
5
Suppose -d + 12480 = 11*d. What are the prime factors of d?
2, 5, 13
Let q be 2/5 + 1578/30. Suppose -169 - q = -3*t. List the prime factors of t.
2, 37
Suppose -14*c = -31840 + 3434. List the prime factors of c.
2029
Suppose 5*u + 24 - 82 = -z, -3*u - 347 = -4*z. Let l = -14 + 42. Suppose -3*o + z + l = 0. List the prime factors of o.
37
Let y = 305 + -151. What are the prime factors of y?
2, 7, 11
Let b(a) = -a**3 + 17*a**2 + 39*a - 11. Let i be b(19). Suppose -376 = -i*y + 416. What are the prime factors of y?
3, 11
Let o(f) = 223*f + 234. List the prime factors of o(12).
2, 3, 5, 97
Let h(z) = z**2 + z - 1. Let p(c) = c**3 + 15*c**2 + c - 15. Let x(d) = -3*h(d) + p(d). List the prime factors of x(-12).
2, 3
Suppose -x - 4 + 0 = 0, -5*v + 5*x + 905 = 0. Suppose -3*j - 5*r = j - v, -4*r = j - 47. What are the prime factors of j?
43
Suppose s + 26 = 119. Let d = 63 + s. Suppose 3*y + y = -5*j + d, -j + 84 = 2*y. What are the prime factors of y?
2, 11
Let m(o) = o. Let g(k) = -5*k + 16. Let s(p) = -g(p) + 4*m(p). List the prime factors of s(9).
5, 13
Let g = 16 + -27. Let n = 41 + g. What are the prime factors of n?
2, 3, 5
Let z = 5 - -34. Let t = -25 + z. Let a = 20 - t. List the prime factors of a.
2, 3
Let s be 114/42 - (-6)/21. Let f(r) = -r**3 + 4*r**2 - 6*r**2 - 1 + 2*r + s*r**3 + 13*r**3. What are the prime factors of f(1)?
2, 7
List the prime factors of -13*(-59)/(-2)*(-2)/1.
13, 59
Suppose -4*b = d - 400, 4*d = 2*b + 1017 + 655. List the prime factors of d.
2, 13
Suppose 62*d - 121772 = 185314. List the prime factors of d.
3, 13, 127
Let q(i) = -40*i + 19*i + 3*i**2 + 17*i**3 + 4 + 17*i. List the prime factors of q(2).
2, 3
Let h = -181 - -321. What are the prime factors of h?
2, 5, 7
Let y(p) = 124*p**2 - 50*p + 152. List the prime factors of y(3).
2, 13, 43
Let t = 12 + -20. Let d be t + (3/3)/(-1). Let b(n) = -n**3 - 10*n**2 - 11*n + 13. What are the prime factors of b(d)?
31
Suppose 494 = w - 5*i - 1768, 9069 = 4*w + i. What are the prime factors of w?
2267
Suppose 3*n = -2*v + 1445, 2*n - 1435 = -n - 4*v. List the prime factors of n.
5, 97
Let k(s) = -s**2 - 19*s - 31. Let j be k(-17). Suppose -2*z - 4*p + 16 = 0, -5*z - 5*p + 4 + 16 = 0. Suppose z*l = -l + j. What are the prime factors of l?
3
Let w = -89 + 124. Suppose 2*r + 5*x - w = 0, 0 = -2*r - 0*x - x + 23. What are the prime factors of -7*(-7)/(49/r)?
2, 5
Let u be ((-1)/3)/((-5)/45). Suppose 2*a - u*a + 2 = 0. Suppose -m - 101 = -3*v, a*v + 2*v = 2*m + 138. List the prime factors of v.
2
Suppose 3*z - 2*z = -244. Let p = z - -350. What are the prime factors of p?
2, 53
Let l(w) = 0*w + w + 2*w - 4*w - 10. Let v(y) = y**2 + 7*y - 7. Let b be v(-6). List the prime factors of l(b).
3
Let h = -17 - -113. Suppose 0*d = 4*d - h. Suppose -3*b + 12 = -d. List the prime factors of b.
2, 3
List the prime factors of 1 - ((-1)/(-3) - (-1596)/(-9)).
2, 89
Let u(q) = -5*q + 10. Let m(l) = -4*l + 9. Let a(p) = -3*m(p) + 2*u(p). Let z be a(5). Let r = z - -1. List the prime factors of r.
2
Let f = 1489 - 763. List the prime factors of f.
2, 3, 11
Let o(b) = 13*b + 22. Let z = 26 - 19. What are the prime factors of o(z)?
113
Let t(o) = -62*o - 573. List the prime factors of t(-38).
1783
Let i = 1135 - 326. What are the prime factors of i?
809
Let o be (-15)/(-25) + (-4)/(-10). Suppose 3*i + o = 16. Suppose -4*h + 18 = i*y, h - 2*y + 1 + 1 = 0. List the prime factors of h.
2
Let i = 4 + -2. Let v be (-2)/i*(34 - 9). Let a = 50 + v. What are the prime factors of a?
5
Let z be 1 + (-4)/12*-537. Suppose -2*n + z = -n - 2*a, a = 4. What are the prime factors of n?
2, 47
Let f = 17 - 12. Suppose -20*h - 9*h = -145. Suppose f*o = 2*x + h - 70, 0 = o + 1. List the prime factors of x.
2, 3, 5
Let w(d) = 23*d**2 - 48*d + 255. List the prime factors of w(5).
2, 5, 59
Suppose 8*w - 2040 = 5*w. List the prime factors of w.
2, 5, 17
Suppose 152*t = 138*t + 61376. List the prime factors of t.
2, 137
Let x = 7048 - 2955. List the prime factors of x.
4093
Suppose 21*s = 22*s - 436. List the prime factors of s.
2, 109
Let v be 3*-1*60/(-9). Let d = 38 - v. What are the prime factors of 1071/d - 1/2?
59